{"id":23,"date":"2013-10-14T03:29:39","date_gmt":"2013-10-14T08:29:39","guid":{"rendered":"http:\/\/crioh.org\/?page_id=23"},"modified":"2017-01-25T10:36:34","modified_gmt":"2017-01-25T15:36:34","slug":"nosotros","status":"publish","type":"page","link":"http:\/\/crioh.org\/?page_id=23","title":{"rendered":"Nosotros"},"content":{"rendered":"<p style=\"text-align: center;\" align=\"center\"><b>Fundadores y Staff:<\/b><\/p>\n<ul>\n<li>\u0097Juan Mauricio Kroepfly Ahumada<\/li>\n<li>\u0097Blanca Tripp\u00a0 Silva (Coordinadora Oficina DF Programa TTA)<\/li>\n<li>\u0097Er\u00e9ndira M\u00e9ndez \u00c1vila<\/li>\n<li>\u0097Sergio Gerardo Gonz\u00e1lez Garc\u00eda<\/li>\n<li>\u0097Roberto C\u00f3rdova D\u00edaz<\/li>\n<li>\u0097Jos\u00e9 Luis Oliveros Arreaga<\/li>\n<li>\u0097Miguel \u00c1ngel Caballero del Angel<\/li>\n<li>\u0097Gabriel Uribe Rodr\u00edguez<\/li>\n<li>\u0097Jorge Alberto Ponce Martin del Campo<\/li>\n<li>\u0097Eugenio Valle Landa<\/li>\n<li>\u0097Tabor Sina\u00ed Mu\u00f1oz (Plataforma Educativa y Educaci\u00f3n a Distancia)<\/li>\n<\/ul>\n<p><span style=\"font-size: 14px; color: #333399;\">\u00a0<\/span>Desarrollo del Programa de Formaci\u00f3n de Instructores para M\u00e9xico y Am\u00e9rica Latina.<\/p>\n<p><span style=\"color: #333399; font-size: 14px;\">\u00a0<\/span><\/p>\n","protected":false},"excerpt":{"rendered":"<p>Fundadores y Staff: \u0097Juan Mauricio Kroepfly Ahumada \u0097Blanca Tripp\u00a0 Silva (Coordinadora Oficina DF Programa TTA) \u0097Er\u00e9ndira M\u00e9ndez \u00c1vila \u0097Sergio Gerardo Gonz\u00e1lez Garc\u00eda \u0097Roberto C\u00f3rdova D\u00edaz \u0097Jos\u00e9 Luis Oliveros Arreaga \u0097Miguel \u00c1ngel Caballero del Angel \u0097Gabriel Uribe Rodr\u00edguez \u0097Jorge Alberto Ponce Martin del Campo \u0097Eugenio Valle Landa \u0097Tabor Sina\u00ed Mu\u00f1oz (Plataforma Educativa y Educaci\u00f3n a Distancia) [&hellip;]<\/p>\n","protected":false},"author":1,"featured_media":0,"parent":0,"menu_order":2,"comment_status":"closed","ping_status":"closed","template":"templates\/template-full-notitle.php","meta":[],"_links":{"self":[{"href":"http:\/\/crioh.org\/index.php?rest_route=\/wp\/v2\/pages\/23"}],"collection":[{"href":"http:\/\/crioh.org\/index.php?rest_route=\/wp\/v2\/pages"}],"about":[{"href":"http:\/\/crioh.org\/index.php?rest_route=\/wp\/v2\/types\/page"}],"author":[{"embeddable":true,"href":"http:\/\/crioh.org\/index.php?rest_route=\/wp\/v2\/users\/1"}],"replies":[{"embeddable":true,"href":"http:\/\/crioh.org\/index.php?rest_route=%2Fwp%2Fv2%2Fcomments&post=23"}],"version-history":[{"count":16,"href":"http:\/\/crioh.org\/index.php?rest_route=\/wp\/v2\/pages\/23\/revisions"}],"predecessor-version":[{"id":388,"href":"http:\/\/crioh.org\/index.php?rest_route=\/wp\/v2\/pages\/23\/revisions\/388"}],"wp:attachment":[{"href":"http:\/\/crioh.org\/index.php?rest_route=%2Fwp%2Fv2%2Fmedia&parent=23"}],"curies":[{"name":"wp","href":"https:\/\/api.w.org\/{rel}","templated":true}]}}